{"id":6,"date":"2022-09-04T10:30:54","date_gmt":"2022-09-04T10:30:54","guid":{"rendered":"https:\/\/remonttipalvelukvl.fi\/?page_id=6"},"modified":"2023-02-07T07:21:03","modified_gmt":"2023-02-07T07:21:03","slug":"toteutamme-remontit-toiveidesi-mukaan","status":"publish","type":"page","link":"https:\/\/remonttipalvelukvl.fi\/","title":{"rendered":"Toteutamme remontit toiveidesi mukaan"},"content":{"rendered":"\n<div class=\"wp-block-group alignwide\"><div class=\"wp-block-group__inner-container is-layout-flow wp-block-group-is-layout-flow\">\n<h2 class=\"has-text-align-center wp-block-heading\">Teemme sek\u00e4 pienimuotoiset sisustus- tai pintaremontit ja kalusteasennukset, kuin my\u00f6s kokonaisvaltaiset huoneistoremontit.<\/h2>\n<\/div><\/div>\n\n\n\n<div class=\"wp-block-columns alignwide are-vertically-aligned-center is-layout-flex wp-container-core-columns-is-layout-9d6595d7 wp-block-columns-is-layout-flex\">\n<div class=\"wp-block-column is-vertically-aligned-center is-layout-flow wp-block-column-is-layout-flow\">\n<div class=\"wp-block-group\"><div class=\"wp-block-group__inner-container is-layout-flow wp-block-group-is-layout-flow\">\n<div class=\"wp-block-cover alignfull is-light wp-duotone-1e73be-ffffff-1\" style=\"min-height:374px;aspect-ratio:unset;\"><span aria-hidden=\"true\" class=\"wp-block-cover__background has-background-dim\"><\/span><img loading=\"lazy\" decoding=\"async\" width=\"1024\" height=\"683\" class=\"wp-block-cover__image-background wp-image-49\" alt=\"\" src=\"https:\/\/remonttipalvelukvl.fi\/wp-content\/uploads\/2022\/09\/roselyn-tirado-cqAX2wlK-Yw-unsplash-2-1024x683.jpg\" data-object-fit=\"cover\" srcset=\"https:\/\/remonttipalvelukvl.fi\/wp-content\/uploads\/2022\/09\/roselyn-tirado-cqAX2wlK-Yw-unsplash-2-1024x683.jpg 1024w, https:\/\/remonttipalvelukvl.fi\/wp-content\/uploads\/2022\/09\/roselyn-tirado-cqAX2wlK-Yw-unsplash-2-300x200.jpg 300w, https:\/\/remonttipalvelukvl.fi\/wp-content\/uploads\/2022\/09\/roselyn-tirado-cqAX2wlK-Yw-unsplash-2-768x512.jpg 768w, https:\/\/remonttipalvelukvl.fi\/wp-content\/uploads\/2022\/09\/roselyn-tirado-cqAX2wlK-Yw-unsplash-2-1536x1024.jpg 1536w, https:\/\/remonttipalvelukvl.fi\/wp-content\/uploads\/2022\/09\/roselyn-tirado-cqAX2wlK-Yw-unsplash-2-2048x1365.jpg 2048w, https:\/\/remonttipalvelukvl.fi\/wp-content\/uploads\/2022\/09\/roselyn-tirado-cqAX2wlK-Yw-unsplash-2-1200x800.jpg 1200w, https:\/\/remonttipalvelukvl.fi\/wp-content\/uploads\/2022\/09\/roselyn-tirado-cqAX2wlK-Yw-unsplash-2-1980x1320.jpg 1980w\" sizes=\"auto, (max-width: 1024px) 100vw, 1024px\" \/><div class=\"wp-block-cover__inner-container is-layout-flow wp-block-cover-is-layout-flow\">\n<h3 class=\"has-primary-color has-text-color wp-block-heading\">Pintaremontti<\/h3>\n\n\n\n<blockquote class=\"wp-block-quote has-primary-color has-text-color has-normal-font-size is-layout-flow wp-block-quote-is-layout-flow\">\n<p>Pirist\u00e4\u00e4 kotisi ilmett\u00e4 ja p\u00e4ivitt\u00e4\u00e4 sen t\u00e4m\u00e4n p\u00e4iv\u00e4n vaatimuksia vastaavaksi. Maalausty\u00f6t, uusien kaapistojen asennukset, liukuovikaapistot ja parketti- ja muut lattiaty\u00f6t alan ammattilaisilta. <\/p>\n<\/blockquote>\n<\/div><\/div>\n\n\n\n<div class=\"wp-block-button is-style-outline is-style-outline--2\"><a class=\"wp-block-button__link wp-element-button\" href=\"https:\/\/www.instagram.com\/p\/CcQnh_9rAv-\/\" target=\"_blank\" rel=\"noreferrer noopener\">Lue lis\u00e4\u00e4<\/a><\/div>\n<\/div><\/div>\n\n\n\n<div class=\"wp-block-group\"><div class=\"wp-block-group__inner-container is-layout-flow wp-block-group-is-layout-flow\">\n<div class=\"wp-block-cover alignfull is-light wp-duotone-1e73be-ffffff-3\"><span aria-hidden=\"true\" class=\"wp-block-cover__background has-background-dim\"><\/span><img loading=\"lazy\" decoding=\"async\" width=\"2560\" height=\"1707\" class=\"wp-block-cover__image-background wp-image-104\" alt=\"\" src=\"https:\/\/remonttipalvelukvl.fi\/wp-content\/uploads\/2022\/09\/im3rd-media-FJZtZldA-uE-unsplash-scaled.jpg\" data-object-fit=\"cover\" srcset=\"https:\/\/remonttipalvelukvl.fi\/wp-content\/uploads\/2022\/09\/im3rd-media-FJZtZldA-uE-unsplash-scaled.jpg 2560w, https:\/\/remonttipalvelukvl.fi\/wp-content\/uploads\/2022\/09\/im3rd-media-FJZtZldA-uE-unsplash-300x200.jpg 300w, https:\/\/remonttipalvelukvl.fi\/wp-content\/uploads\/2022\/09\/im3rd-media-FJZtZldA-uE-unsplash-1024x683.jpg 1024w, https:\/\/remonttipalvelukvl.fi\/wp-content\/uploads\/2022\/09\/im3rd-media-FJZtZldA-uE-unsplash-768x512.jpg 768w, https:\/\/remonttipalvelukvl.fi\/wp-content\/uploads\/2022\/09\/im3rd-media-FJZtZldA-uE-unsplash-1536x1024.jpg 1536w, https:\/\/remonttipalvelukvl.fi\/wp-content\/uploads\/2022\/09\/im3rd-media-FJZtZldA-uE-unsplash-2048x1365.jpg 2048w, https:\/\/remonttipalvelukvl.fi\/wp-content\/uploads\/2022\/09\/im3rd-media-FJZtZldA-uE-unsplash-1200x800.jpg 1200w, https:\/\/remonttipalvelukvl.fi\/wp-content\/uploads\/2022\/09\/im3rd-media-FJZtZldA-uE-unsplash-1980x1320.jpg 1980w\" sizes=\"auto, (max-width: 2560px) 100vw, 2560px\" \/><div class=\"wp-block-cover__inner-container is-layout-flow wp-block-cover-is-layout-flow\">\n<h3 class=\"has-primary-color has-text-color has-large-font-size wp-block-heading\">KEITTI\u00d6REMONTTI<\/h3>\n\n\n\n<div class=\"wp-block-columns is-layout-flex wp-container-core-columns-is-layout-9d6595d7 wp-block-columns-is-layout-flex\">\n<div class=\"wp-block-column is-layout-flow wp-block-column-is-layout-flow\" style=\"flex-basis:100%\">\n<blockquote class=\"wp-block-quote has-primary-color has-text-color has-normal-font-size is-layout-flow wp-block-quote-is-layout-flow\">\n<p>&nbsp;Me toteuttaa kaikki keitti\u00f6t mittatilausty\u00f6n\u00e4<\/p>\n<\/blockquote>\n<\/div>\n<\/div>\n<\/div><\/div>\n\n\n\n<div class=\"wp-block-button is-style-outline is-style-outline--4\"><a class=\"wp-block-button__link wp-element-button\" href=\"https:\/\/www.instagram.com\/p\/CNYHydorTFt\/\" target=\"_blank\" rel=\"noreferrer noopener\">Lue lis\u00e4\u00e4<\/a><\/div>\n<\/div><\/div>\n\n\n\n<div class=\"wp-block-cover is-light wp-duotone-1e73be-ffffff-5\"><span aria-hidden=\"true\" class=\"wp-block-cover__background has-background-dim\"><\/span><img loading=\"lazy\" decoding=\"async\" width=\"1024\" height=\"683\" class=\"wp-block-cover__image-background wp-image-83\" alt=\"\" src=\"https:\/\/remonttipalvelukvl.fi\/wp-content\/uploads\/2022\/09\/roselyn-tirado-cqAX2wlK-Yw-unsplash-6-1024x683.jpg\" data-object-fit=\"cover\" srcset=\"https:\/\/remonttipalvelukvl.fi\/wp-content\/uploads\/2022\/09\/roselyn-tirado-cqAX2wlK-Yw-unsplash-6-1024x683.jpg 1024w, https:\/\/remonttipalvelukvl.fi\/wp-content\/uploads\/2022\/09\/roselyn-tirado-cqAX2wlK-Yw-unsplash-6-300x200.jpg 300w, https:\/\/remonttipalvelukvl.fi\/wp-content\/uploads\/2022\/09\/roselyn-tirado-cqAX2wlK-Yw-unsplash-6-768x512.jpg 768w, https:\/\/remonttipalvelukvl.fi\/wp-content\/uploads\/2022\/09\/roselyn-tirado-cqAX2wlK-Yw-unsplash-6-1536x1024.jpg 1536w, https:\/\/remonttipalvelukvl.fi\/wp-content\/uploads\/2022\/09\/roselyn-tirado-cqAX2wlK-Yw-unsplash-6-2048x1365.jpg 2048w, https:\/\/remonttipalvelukvl.fi\/wp-content\/uploads\/2022\/09\/roselyn-tirado-cqAX2wlK-Yw-unsplash-6-1200x800.jpg 1200w, https:\/\/remonttipalvelukvl.fi\/wp-content\/uploads\/2022\/09\/roselyn-tirado-cqAX2wlK-Yw-unsplash-6-1980x1320.jpg 1980w\" sizes=\"auto, (max-width: 1024px) 100vw, 1024px\" \/><div class=\"wp-block-cover__inner-container is-layout-flow wp-block-cover-is-layout-flow\">\n<h3 class=\"has-primary-color has-text-color has-large-font-size wp-block-heading\">LATTIAREMONTIT<\/h3>\n\n\n\n<blockquote class=\"wp-block-quote has-primary-color has-text-color has-normal-font-size is-layout-flow wp-block-quote-is-layout-flow\">\n<p><strong>&nbsp;Me asennamme parketit, laminaatit ja vinyylit paikoilleen vankalla ammattitaidolla, laadukkaalla lopputuloksella ja sovitussa aikataulussa pysyen.&nbsp;<\/strong><\/p>\n<\/blockquote>\n<\/div><\/div>\n<\/div>\n\n\n\n<div class=\"wp-block-column is-vertically-aligned-center is-layout-flow wp-block-column-is-layout-flow\">\n<div class=\"wp-block-group alignwide is-vertical is-layout-flex wp-container-core-group-is-layout-8cf370e7 wp-block-group-is-layout-flex\">\n<div class=\"wp-block-columns is-layout-flex wp-container-core-columns-is-layout-9d6595d7 wp-block-columns-is-layout-flex\">\n<div class=\"wp-block-column is-layout-flow wp-block-column-is-layout-flow\"><\/div>\n\n\n\n<div class=\"wp-block-column is-layout-flow wp-block-column-is-layout-flow\"><\/div>\n<\/div>\n\n\n\n<div class=\"wp-block-cover has-small-font-size wp-duotone-1e73be-ffffff-6\"><span aria-hidden=\"true\" class=\"wp-block-cover__background has-background-dim\"><\/span><img loading=\"lazy\" decoding=\"async\" width=\"1920\" height=\"2560\" class=\"wp-block-cover__image-background wp-image-143\" alt=\"\" src=\"https:\/\/remonttipalvelukvl.fi\/wp-content\/uploads\/2023\/02\/IMG_0067-scaled.jpg\" data-object-fit=\"cover\" srcset=\"https:\/\/remonttipalvelukvl.fi\/wp-content\/uploads\/2023\/02\/IMG_0067-scaled.jpg 1920w, https:\/\/remonttipalvelukvl.fi\/wp-content\/uploads\/2023\/02\/IMG_0067-225x300.jpg 225w, https:\/\/remonttipalvelukvl.fi\/wp-content\/uploads\/2023\/02\/IMG_0067-768x1024.jpg 768w, https:\/\/remonttipalvelukvl.fi\/wp-content\/uploads\/2023\/02\/IMG_0067-1152x1536.jpg 1152w, https:\/\/remonttipalvelukvl.fi\/wp-content\/uploads\/2023\/02\/IMG_0067-1536x2048.jpg 1536w, https:\/\/remonttipalvelukvl.fi\/wp-content\/uploads\/2023\/02\/IMG_0067-1200x1600.jpg 1200w, https:\/\/remonttipalvelukvl.fi\/wp-content\/uploads\/2023\/02\/IMG_0067-1980x2640.jpg 1980w\" sizes=\"auto, (max-width: 1920px) 100vw, 1920px\" \/><div class=\"wp-block-cover__inner-container is-layout-flow wp-block-cover-is-layout-flow\">\n<h3 class=\"has-primary-color has-text-color wp-block-heading\">Kylpyhuoneremontti<\/h3>\n\n\n\n<blockquote class=\"wp-block-quote has-primary-color has-text-color has-normal-font-size is-layout-flow wp-block-quote-is-layout-flow\">\n<p>Kylpyhuone on el\u00e4m\u00e4mme t\u00e4rkeimpi\u00e4 huoneita keitti\u00f6n ohella. Kylpyhuone on t\u00e4n\u00e4 p\u00e4iv\u00e4n\u00e4 monelle paitsi peseytymistila, mutta my\u00f6s entist\u00e4 useammin tila, jossa voi viett\u00e4\u00e4 omaa aikaa. Parhaimmillaan kylpyhuone voidaan muuttaa kokonaiseksi kotikylpyl\u00e4ksi, jossa on suihkun ja vesialtaiden ohessa esimerkiksi ylellinen kylpyhuone ja l\u00f6ylytila.<\/p>\n<\/blockquote>\n<\/div><\/div>\n\n\n\n<div class=\"wp-block-button is-style-outline is-style-outline--7\"><a class=\"wp-block-button__link wp-element-button\" href=\"https:\/\/www.instagram.com\/p\/Cn4CviQrgjc\/\" target=\"_blank\" rel=\"noreferrer noopener\">Lue lis\u00e4\u00e4<\/a><\/div>\n<\/div>\n\n\n\n<div class=\"wp-block-group\"><div class=\"wp-block-group__inner-container is-layout-flow wp-block-group-is-layout-flow\">\n<div class=\"wp-block-cover alignfull is-light wp-duotone-1e73be-ffffff-8\"><span aria-hidden=\"true\" class=\"wp-block-cover__background has-background-dim\"><\/span><img loading=\"lazy\" decoding=\"async\" width=\"1024\" height=\"683\" class=\"wp-block-cover__image-background wp-image-73\" alt=\"\" src=\"https:\/\/remonttipalvelukvl.fi\/wp-content\/uploads\/2022\/09\/roselyn-tirado-cqAX2wlK-Yw-unsplash-4-1024x683.jpg\" data-object-fit=\"cover\" srcset=\"https:\/\/remonttipalvelukvl.fi\/wp-content\/uploads\/2022\/09\/roselyn-tirado-cqAX2wlK-Yw-unsplash-4-1024x683.jpg 1024w, https:\/\/remonttipalvelukvl.fi\/wp-content\/uploads\/2022\/09\/roselyn-tirado-cqAX2wlK-Yw-unsplash-4-300x200.jpg 300w, https:\/\/remonttipalvelukvl.fi\/wp-content\/uploads\/2022\/09\/roselyn-tirado-cqAX2wlK-Yw-unsplash-4-768x512.jpg 768w, https:\/\/remonttipalvelukvl.fi\/wp-content\/uploads\/2022\/09\/roselyn-tirado-cqAX2wlK-Yw-unsplash-4-1536x1024.jpg 1536w, https:\/\/remonttipalvelukvl.fi\/wp-content\/uploads\/2022\/09\/roselyn-tirado-cqAX2wlK-Yw-unsplash-4-2048x1365.jpg 2048w, https:\/\/remonttipalvelukvl.fi\/wp-content\/uploads\/2022\/09\/roselyn-tirado-cqAX2wlK-Yw-unsplash-4-1200x800.jpg 1200w, https:\/\/remonttipalvelukvl.fi\/wp-content\/uploads\/2022\/09\/roselyn-tirado-cqAX2wlK-Yw-unsplash-4-1980x1320.jpg 1980w\" sizes=\"auto, (max-width: 1024px) 100vw, 1024px\" \/><div class=\"wp-block-cover__inner-container is-layout-flow wp-block-cover-is-layout-flow\">\n<h3 class=\"has-primary-color has-text-color has-large-font-size wp-block-heading\">SAUNAREMONTTI<\/h3>\n\n\n\n<blockquote class=\"wp-block-quote has-primary-color has-text-color has-normal-font-size is-layout-flow wp-block-quote-is-layout-flow\">\n<p>Saunaremontti alan ammattilaisella! Kun m\u00e4rk\u00e4tilaremontti tai muu remontti on toteutettu ammattilaisen toimesta, voi olla varma siit\u00e4, ettei vesieristys aiheuta ongelmia my\u00f6hemmin.<\/p>\n<\/blockquote>\n<\/div><\/div>\n\n\n\n<div class=\"wp-block-cover is-light wp-duotone-1e73be-ffffff-9\"><span aria-hidden=\"true\" class=\"wp-block-cover__background has-background-dim\"><\/span><img loading=\"lazy\" decoding=\"async\" width=\"1024\" height=\"683\" class=\"wp-block-cover__image-background wp-image-84\" alt=\"\" src=\"https:\/\/remonttipalvelukvl.fi\/wp-content\/uploads\/2022\/09\/roselyn-tirado-cqAX2wlK-Yw-unsplash-7-1024x683.jpg\" data-object-fit=\"cover\" srcset=\"https:\/\/remonttipalvelukvl.fi\/wp-content\/uploads\/2022\/09\/roselyn-tirado-cqAX2wlK-Yw-unsplash-7-1024x683.jpg 1024w, https:\/\/remonttipalvelukvl.fi\/wp-content\/uploads\/2022\/09\/roselyn-tirado-cqAX2wlK-Yw-unsplash-7-300x200.jpg 300w, https:\/\/remonttipalvelukvl.fi\/wp-content\/uploads\/2022\/09\/roselyn-tirado-cqAX2wlK-Yw-unsplash-7-768x512.jpg 768w, https:\/\/remonttipalvelukvl.fi\/wp-content\/uploads\/2022\/09\/roselyn-tirado-cqAX2wlK-Yw-unsplash-7-1536x1024.jpg 1536w, https:\/\/remonttipalvelukvl.fi\/wp-content\/uploads\/2022\/09\/roselyn-tirado-cqAX2wlK-Yw-unsplash-7-2048x1365.jpg 2048w, https:\/\/remonttipalvelukvl.fi\/wp-content\/uploads\/2022\/09\/roselyn-tirado-cqAX2wlK-Yw-unsplash-7-1200x800.jpg 1200w, https:\/\/remonttipalvelukvl.fi\/wp-content\/uploads\/2022\/09\/roselyn-tirado-cqAX2wlK-Yw-unsplash-7-1980x1320.jpg 1980w\" sizes=\"auto, (max-width: 1024px) 100vw, 1024px\" \/><div class=\"wp-block-cover__inner-container is-layout-flow wp-block-cover-is-layout-flow\">\n<h3 class=\"has-primary-color has-text-color has-large-font-size wp-block-heading\">TERASSIT<\/h3>\n\n\n\n<blockquote class=\"wp-block-quote has-primary-color has-text-color has-normal-font-size is-layout-flow wp-block-quote-is-layout-flow\">\n<p>Olemme toteuttaneet lukuisia terassin rakennus -ja laajennusurakoita. Hyvin suunniteltu terassi toimii parhaimmilaan osana asuntoa ja mukailee asunnon ymp\u00e4rist\u00f6\u00e4.<\/p>\n<\/blockquote>\n<\/div><\/div>\n\n\n\n<div class=\"wp-block-button is-style-outline is-style-outline--10\"><a class=\"wp-block-button__link wp-element-button\" href=\"https:\/\/make.wordpress.org\/core\/2019\/09\/27\/block-editor-theme-related-updates-in-wordpress-5-3\/\">Lue lis\u00e4\u00e4<\/a><\/div>\n<\/div><\/div>\n<\/div>\n<\/div>\n\n\n\n<div class=\"wp-block-cover alignfull is-light wp-duotone-1e73be-ffffff-11\"><span aria-hidden=\"true\" class=\"wp-block-cover__background has-background-dim\"><\/span><img loading=\"lazy\" decoding=\"async\" width=\"1024\" height=\"683\" class=\"wp-block-cover__image-background wp-image-75\" alt=\"\" src=\"https:\/\/remonttipalvelukvl.fi\/wp-content\/uploads\/2022\/09\/roselyn-tirado-cqAX2wlK-Yw-unsplash-5-1024x683.jpg\" data-object-fit=\"cover\" srcset=\"https:\/\/remonttipalvelukvl.fi\/wp-content\/uploads\/2022\/09\/roselyn-tirado-cqAX2wlK-Yw-unsplash-5-1024x683.jpg 1024w, https:\/\/remonttipalvelukvl.fi\/wp-content\/uploads\/2022\/09\/roselyn-tirado-cqAX2wlK-Yw-unsplash-5-300x200.jpg 300w, https:\/\/remonttipalvelukvl.fi\/wp-content\/uploads\/2022\/09\/roselyn-tirado-cqAX2wlK-Yw-unsplash-5-768x512.jpg 768w, https:\/\/remonttipalvelukvl.fi\/wp-content\/uploads\/2022\/09\/roselyn-tirado-cqAX2wlK-Yw-unsplash-5-1536x1024.jpg 1536w, https:\/\/remonttipalvelukvl.fi\/wp-content\/uploads\/2022\/09\/roselyn-tirado-cqAX2wlK-Yw-unsplash-5-2048x1365.jpg 2048w, https:\/\/remonttipalvelukvl.fi\/wp-content\/uploads\/2022\/09\/roselyn-tirado-cqAX2wlK-Yw-unsplash-5-1200x800.jpg 1200w, https:\/\/remonttipalvelukvl.fi\/wp-content\/uploads\/2022\/09\/roselyn-tirado-cqAX2wlK-Yw-unsplash-5-1980x1320.jpg 1980w\" sizes=\"auto, (max-width: 1024px) 100vw, 1024px\" \/><div class=\"wp-block-cover__inner-container is-layout-flow wp-block-cover-is-layout-flow\">\n<h6 class=\"has-primary-color has-text-color has-larger-font-size wp-block-heading\" style=\"text-transform:uppercase\">&#8221;Ammattilainen onnistuu aina. Kun tilaat ty\u00f6n meilt\u00e4, voit luottaa sen valmistuvan luvatussa, yhdess\u00e4 sovitussa aikataulussa.&#8221;<\/h6>\n\n\n\n<p class=\"has-primary-color has-text-color\">Yrityksemme on ennakkoperint\u00e4rekisteriss\u00e4 ja olet n\u00e4in ollen asiakkaanamme oikeutettu kotitalousv\u00e4hennykseen ty\u00f6n osalta t\u00e4ysim\u00e4\u00e4r\u00e4isen\u00e4. Hy\u00f6dynn\u00e4 etu ja teet\u00e4 ty\u00f6 ammattilaisella!<\/p>\n\n\n\n<p class=\"has-primary-color has-text-color\">Kotitalousv\u00e4hennys on verotuksessa teht\u00e4v\u00e4 v\u00e4hennys tehdyst\u00e4 kotitalous- sek\u00e4 hoiva- tai hoitoty\u00f6st\u00e4. My\u00f6s asunnon kunnossapito tai perusparannusty\u00f6 kuuluu v\u00e4hennyksen piiriin. Asunnon kunnossapito- ja perusparannusty\u00f6 k\u00e4sitt\u00e4\u00e4 mm. huoneiden remontit. My\u00f6s rakennusten maalaus ja muu ulkokunnostus sek\u00e4 pihan laatoitus kuuluvat v\u00e4hennyksen piiriin.<\/p>\n\n\n\n<p class=\"has-primary-color has-text-color\">V\u00e4hennys my\u00f6nnet\u00e4\u00e4n vain ty\u00f6n osuudesta, ei matkakuluista tai tarvikkeista. Yrityksen tai yritt\u00e4j\u00e4n on kuuluttava ennakkoperint\u00e4rekisteriin.<\/p>\n\n\n\n<p class=\"has-primary-color has-text-color\">Kotitalousv\u00e4hennyksen saa se, joka maksaa v\u00e4hennykseen oikeuttavan ty\u00f6n. Ty\u00f6 on teht\u00e4v\u00e4 joko maksajan omassa asunnossa tai h\u00e4nen vanhempiensa, isovanhempiensa tai appivanhempiensa k\u00e4yt\u00f6ss\u00e4 olevassa asunnossa.<\/p>\n<\/div><\/div>\n\n\n\n<p><\/p>\n\n\n\n<figure class=\"wp-block-gallery alignwide has-nested-images columns-default is-cropped wp-block-gallery-12 is-layout-flex wp-block-gallery-is-layout-flex\"><\/figure>\n","protected":false},"excerpt":{"rendered":"<p>Teemme sek\u00e4 pienimuotoiset sisustus- tai pintaremontit ja kalusteasennukset, kuin my\u00f6s kokonaisvaltaiset huoneistoremontit.<\/p>\n","protected":false},"author":1,"featured_media":0,"parent":0,"menu_order":0,"comment_status":"closed","ping_status":"closed","template":"","meta":{"footnotes":""},"class_list":["post-6","page","type-page","status-publish","hentry"],"_links":{"self":[{"href":"https:\/\/remonttipalvelukvl.fi\/index.php?rest_route=\/wp\/v2\/pages\/6","targetHints":{"allow":["GET"]}}],"collection":[{"href":"https:\/\/remonttipalvelukvl.fi\/index.php?rest_route=\/wp\/v2\/pages"}],"about":[{"href":"https:\/\/remonttipalvelukvl.fi\/index.php?rest_route=\/wp\/v2\/types\/page"}],"author":[{"embeddable":true,"href":"https:\/\/remonttipalvelukvl.fi\/index.php?rest_route=\/wp\/v2\/users\/1"}],"replies":[{"embeddable":true,"href":"https:\/\/remonttipalvelukvl.fi\/index.php?rest_route=%2Fwp%2Fv2%2Fcomments&post=6"}],"version-history":[{"count":44,"href":"https:\/\/remonttipalvelukvl.fi\/index.php?rest_route=\/wp\/v2\/pages\/6\/revisions"}],"predecessor-version":[{"id":163,"href":"https:\/\/remonttipalvelukvl.fi\/index.php?rest_route=\/wp\/v2\/pages\/6\/revisions\/163"}],"wp:attachment":[{"href":"https:\/\/remonttipalvelukvl.fi\/index.php?rest_route=%2Fwp%2Fv2%2Fmedia&parent=6"}],"curies":[{"name":"wp","href":"https:\/\/api.w.org\/{rel}","templated":true}]}}